{"id":715,"date":"2023-02-22T10:41:18","date_gmt":"2023-02-22T09:41:18","guid":{"rendered":"http:\/\/www.krantz.unipr.it\/?post_type=product&#038;p=715"},"modified":"2023-02-22T10:45:39","modified_gmt":"2023-02-22T09:45:39","slug":"326-pomice","status":"publish","type":"product","link":"http:\/\/www.krantz.unipr.it\/index.php\/prodotto\/326-pomice\/","title":{"rendered":"326- Pomice"},"content":{"rendered":"<p><strong>DESCRIZIONE: <\/strong><\/p>\n<p>La depressurizzazione favorisce la formazione di bolle, poich\u00e9 la solubilit\u00e0 dei gas vulcanici (CO<sub>2<\/sub>, S<sub>2<\/sub>, H<sub>2<\/sub>O ecc), diminuisce drasticamente ed essi essolvono (lo stesso processo si ha quando viene aperta una bibita gassata). La forma delle vescicole varia da tondeggiante a estremamente allungata in risposta ai meccanismi di espulsione dal condotto vulcanico. Spesso le vescicole vengono riempite da minerali secondari (zeoliti, calcite ecc) ad opera di fluidi circolanti e processi di alterazione.<br \/>\nLe pomici a composizione riolitica hanno un colore bianco, quelle a composizione andesitica hanno un colore che varia dal giallo al grigio scuro e le pomici basaltiche (pi\u00f9 rare) hanno un colore scuro.<br \/>\nLe pomici possono contenere piccole percentuali di cristalli, tra i pi\u00f9 comuni abbiamo: feldspati, pirosseni, anfiboli e zirconi.<br \/>\nLe pomici sono rocce molto comuni nelle piane abissali e nelle zone pi\u00f9 profonde degli oceani; molti di questi depositi si sono originati a seguito di eruzioni sottomarine, ma nonostante questo molti dei depositi presenti sul fondale oceanico deriva dall\u2019accumulo di pomici subaeree; questo \u00e8 dovuto al fatto che le pomici galleggiano e vengono accumulate e trasportate dal vento e dalle correnti marine. Dopo una lunga permanenza in acqua le pomici tendono a assorbire acqua e ad appesantirsi fino ad affondare e depositarsi sul fondale oceanico.<\/p>\n<p><strong>VISTA A 360\u00b0<\/strong><\/p>\n<p><iframe loading=\"lazy\" src=\"https:\/\/www.krantz.unipr.it\/360\/326- Pomice\/326- Pomice.html\" width=\"1100\" height=\"700\"><span style=\"display: inline-block; width: 0px; overflow: hidden; line-height: 0;\" data-mce-type=\"bookmark\" class=\"mce_SELRES_start\">\ufeff<\/span><span style=\"display: inline-block; width: 0px; overflow: hidden; line-height: 0;\" data-mce-type=\"bookmark\" class=\"mce_SELRES_start\">\ufeff<\/span><span style=\"display: inline-block; width: 0px; overflow: hidden; line-height: 0;\" data-mce-type=\"bookmark\" class=\"mce_SELRES_start\">\ufeff<\/span><span style=\"display: inline-block; width: 0px; overflow: hidden; line-height: 0;\" data-mce-type=\"bookmark\" class=\"mce_SELRES_start\">\ufeff<\/span><span style=\"display: inline-block; width: 0px; overflow: hidden; line-height: 0;\" data-mce-type=\"bookmark\" class=\"mce_SELRES_start\">\ufeff<\/span><span style=\"display: inline-block; width: 0px; overflow: hidden; line-height: 0;\" data-mce-type=\"bookmark\" class=\"mce_SELRES_start\">\ufeff<\/span><span style=\"display: inline-block; width: 0px; overflow: hidden; line-height: 0;\" data-mce-type=\"bookmark\" class=\"mce_SELRES_start\">\ufeff<\/span><span style=\"display: inline-block; width: 0px; overflow: hidden; line-height: 0;\" data-mce-type=\"bookmark\" class=\"mce_SELRES_start\">\ufeff<\/span><span style=\"display: inline-block; width: 0px; overflow: hidden; line-height: 0;\" data-mce-type=\"bookmark\" class=\"mce_SELRES_start\">\ufeff<\/span><span style=\"display: inline-block; width: 0px; overflow: hidden; line-height: 0;\" data-mce-type=\"bookmark\" class=\"mce_SELRES_start\">\ufeff<\/span><span style=\"display: inline-block; width: 0px; overflow: hidden; line-height: 0;\" data-mce-type=\"bookmark\" class=\"mce_SELRES_start\">\ufeff<\/span><span style=\"display: inline-block; width: 0px; overflow: hidden; line-height: 0;\" data-mce-type=\"bookmark\" class=\"mce_SELRES_start\">\ufeff<\/span><span style=\"display: inline-block; width: 0px; overflow: hidden; line-height: 0;\" data-mce-type=\"bookmark\" class=\"mce_SELRES_start\">\ufeff<\/span><span style=\"display: inline-block; width: 0px; overflow: hidden; line-height: 0;\" data-mce-type=\"bookmark\" class=\"mce_SELRES_start\">\ufeff<\/span><span style=\"display: inline-block; width: 0px; overflow: hidden; line-height: 0;\" data-mce-type=\"bookmark\" class=\"mce_SELRES_start\">\ufeff<\/span><span style=\"display: inline-block; width: 0px; overflow: hidden; line-height: 0;\" data-mce-type=\"bookmark\" class=\"mce_SELRES_start\">\ufeff<\/span><span style=\"display: inline-block; width: 0px; overflow: hidden; line-height: 0;\" data-mce-type=\"bookmark\" class=\"mce_SELRES_start\">\ufeff<\/span><span style=\"display: inline-block; width: 0px; overflow: hidden; line-height: 0;\" data-mce-type=\"bookmark\" class=\"mce_SELRES_start\">\ufeff<\/span><span style=\"display: inline-block; width: 0px; overflow: hidden; line-height: 0;\" data-mce-type=\"bookmark\" class=\"mce_SELRES_start\">\ufeff<\/span><span style=\"display: inline-block; width: 0px; overflow: hidden; line-height: 0;\" data-mce-type=\"bookmark\" class=\"mce_SELRES_start\">\ufeff<\/span><span style=\"display: inline-block; width: 0px; overflow: hidden; line-height: 0;\" data-mce-type=\"bookmark\" class=\"mce_SELRES_start\">\ufeff<\/span><span style=\"display: inline-block; width: 0px; overflow: hidden; line-height: 0;\" data-mce-type=\"bookmark\" class=\"mce_SELRES_start\">\ufeff<\/span><span style=\"display: inline-block; width: 0px; overflow: hidden; line-height: 0;\" data-mce-type=\"bookmark\" class=\"mce_SELRES_start\">\ufeff<\/span><span style=\"display: inline-block; width: 0px; overflow: hidden; line-height: 0;\" data-mce-type=\"bookmark\" class=\"mce_SELRES_start\">\ufeff<\/span><span style=\"display: inline-block; width: 0px; overflow: hidden; line-height: 0;\" data-mce-type=\"bookmark\" class=\"mce_SELRES_start\">\ufeff<\/span><span style=\"display: inline-block; width: 0px; overflow: hidden; line-height: 0;\" data-mce-type=\"bookmark\" class=\"mce_SELRES_start\"><span style=\"display: inline-block; width: 0px; overflow: hidden; line-height: 0;\" data-mce-type=\"bookmark\" class=\"mce_SELRES_start\">\ufeff<\/span>\ufeff<\/span><\/iframe><\/p>\n","protected":false},"excerpt":{"rendered":"<p><strong>Collocazione: <\/strong>Vetrina 12, secondo ripiano<\/p>\n<p><strong>Localit\u00e0: <\/strong>Lipari (Isole Eolie) &#8211; Italia<\/p>\n<p><b><span data-contrast=\"auto\">Descrizione macroscopica:\u00a0<\/span><\/b>La pomice \u00e8 una roccia vulcanica costituita interamente da vetro vulcanico altamente vescicolato. Ha una colorazione tipicamente chiara (beige, bianco, giallo pallido) ed \u00e8 facilmente distinguibile dalle scorie (altro tipo di roccia altamente vescicolata) poich\u00e9 le scorie hanno colorazione molto scura e un\u2019alta densit\u00e0.<br \/>\nLe pomici si originano durante eruzioni vulcaniche esplosive, quando il magma \u00e8 eiettato ad alta velocit\u00e0 fuori dal condotto vulcanico. La tipica struttura &#8220;schiumosa&#8221; delle pomici \u00e8 dovuta alla simultanea, e velocissima, depressurizzazione e conseguente raffreddamento del magma. (http:\/\/www.alexstrekeisen.it\/vulc\/pomice.php)<\/p>\n<p><b><span data-contrast=\"auto\">Descrizione\u00a0<\/span><\/b><b><span data-contrast=\"auto\">microfoto<\/span><\/b><b><span data-contrast=\"auto\">:<br \/>\n<\/span><\/b><\/p>\n<p><strong>prima immagine:\u00a0<\/strong>Vescicole appiattite e vetro di diverso colore in una pomice. Immagine a N\/\/, 2x (lato lungo = 7mm)<\/p>\n<p><strong>seconda immagine:\u00a0<\/strong>Frammenti di vetro deformati in una pomice, la zona di colore marrone \u00e8 una sferulite. Immagine a N\/\/, 2x (lato lungo = 7mm)<\/p>\n<p><strong>terza immagine:\u00a0<\/strong>Frammenti deformati di vetro. Immagine a N\/\/, 2x (lato lungo = 7mm)<\/p>\n<p>http:\/\/www.alexstrekeisen.it<\/p>\n","protected":false},"featured_media":716,"template":"","meta":{"_lmt_disableupdate":"","_lmt_disable":""},"product_cat":[24],"product_tag":[],"class_list":{"0":"post-715","1":"product","2":"type-product","3":"status-publish","6":"product_cat-magmatiche-effusive","8":"first","9":"outofstock","10":"shipping-taxable","11":"product-type-simple"},"_links":{"self":[{"href":"http:\/\/www.krantz.unipr.it\/index.php\/wp-json\/wp\/v2\/product\/715","targetHints":{"allow":["GET"]}}],"collection":[{"href":"http:\/\/www.krantz.unipr.it\/index.php\/wp-json\/wp\/v2\/product"}],"about":[{"href":"http:\/\/www.krantz.unipr.it\/index.php\/wp-json\/wp\/v2\/types\/product"}],"wp:featuredmedia":[{"embeddable":true,"href":"http:\/\/www.krantz.unipr.it\/index.php\/wp-json\/wp\/v2\/media\/716"}],"wp:attachment":[{"href":"http:\/\/www.krantz.unipr.it\/index.php\/wp-json\/wp\/v2\/media?parent=715"}],"wp:term":[{"taxonomy":"product_cat","embeddable":true,"href":"http:\/\/www.krantz.unipr.it\/index.php\/wp-json\/wp\/v2\/product_cat?post=715"},{"taxonomy":"product_tag","embeddable":true,"href":"http:\/\/www.krantz.unipr.it\/index.php\/wp-json\/wp\/v2\/product_tag?post=715"}],"curies":[{"name":"wp","href":"https:\/\/api.w.org\/{rel}","templated":true}]}}