{"id":477,"date":"2023-02-06T12:44:07","date_gmt":"2023-02-06T11:44:07","guid":{"rendered":"http:\/\/www.krantz.unipr.it\/?post_type=product&#038;p=477"},"modified":"2023-02-06T12:48:51","modified_gmt":"2023-02-06T11:48:51","slug":"253-talcoscisto","status":"publish","type":"product","link":"http:\/\/www.krantz.unipr.it\/index.php\/prodotto\/253-talcoscisto\/","title":{"rendered":"253-Talcoscisto"},"content":{"rendered":"<p><strong>VISTA A 360\u00b0<\/strong><\/p>\n<p>Il Massiccio Boemo, altopiano mediamente elevato di 500-600 metri, rappresenta l\u2019espressione pi\u00f9 orientale dell\u2019orogenesi varisica; si estende dalla Baviera, alla Slovacchia, Polonia e Austria. A sud \u00e8 circondato dal fiume Danubio e a nord-est \u00e8 troncato dalla Piattaforma Russa.<br \/>\nCome tutti gli orogeni varisici, il Massiccio Boemo \u00e8 caratterizzato da un metamorfismo di bassa pressione e alta temperatura e un gran volume di corpi granitici. Sono presenti anche corpi di rocce di alta pressione (eclogiti, peridotiti a granato e granuliti di alta pressione), di piccole dimensioni ma notevolmente diffusi in tutto il Massiccio. Il metamorfismo di alta pressione \u00e8 datato 430 Ma, mentre quello di bassa pressione 320-330 Ma. La maggior parte delle rocce in facies eclogitica e granulitica \u00e8 attribuita a falde alloctone che si misero in posto verso la fine dell\u2019evento di bassa pressione ma prima dell\u2019intrusione finale dei graniti.<br \/>\nNella zona centrale del Massiccio Boemo (Zona Barrandiana), nel settore nord-ovest, si trova una zona meta-ofiolitica comprendente: una unit\u00e0 anfibolitica leggermente foliata separata da serpentiniti da una unit\u00e0 di pi\u00f9 alto grado contenente eclogite e una sequenza con scisti ofiolitici (metagabbri e marne) con un grado metamorfico intermedio tra le unit\u00e0 precedenti. Le serpentiniti, in precedenza peridotiti a spinello e harzburgiti, sono talvolta ulteriormente ricristallizzate a scisti contenenti tremolite, talco e clorite.<\/p>\n<p><iframe loading=\"lazy\" src=\"https:\/\/www.krantz.unipr.it\/360\/253-Talcoscisto\/253-Talcoscisto.html\" width=\"1100\" height=\"700\"><span style=\"display: inline-block; width: 0px; overflow: hidden; line-height: 0;\" data-mce-type=\"bookmark\" class=\"mce_SELRES_start\">\ufeff<\/span><span style=\"display: inline-block; width: 0px; overflow: hidden; line-height: 0;\" data-mce-type=\"bookmark\" class=\"mce_SELRES_start\">\ufeff<\/span><span style=\"display: inline-block; width: 0px; overflow: hidden; line-height: 0;\" data-mce-type=\"bookmark\" class=\"mce_SELRES_start\">\ufeff<\/span><span style=\"display: inline-block; width: 0px; overflow: hidden; line-height: 0;\" data-mce-type=\"bookmark\" class=\"mce_SELRES_start\">\ufeff<\/span><span style=\"display: inline-block; width: 0px; overflow: hidden; line-height: 0;\" data-mce-type=\"bookmark\" class=\"mce_SELRES_start\">\ufeff<\/span><span style=\"display: inline-block; width: 0px; overflow: hidden; line-height: 0;\" data-mce-type=\"bookmark\" class=\"mce_SELRES_start\">\ufeff<\/span><span style=\"display: inline-block; width: 0px; overflow: hidden; line-height: 0;\" data-mce-type=\"bookmark\" class=\"mce_SELRES_start\">\ufeff<\/span><span style=\"display: inline-block; width: 0px; overflow: hidden; line-height: 0;\" data-mce-type=\"bookmark\" class=\"mce_SELRES_start\">\ufeff<\/span><span style=\"display: inline-block; width: 0px; overflow: hidden; line-height: 0;\" data-mce-type=\"bookmark\" class=\"mce_SELRES_start\">\ufeff<\/span><span style=\"display: inline-block; width: 0px; overflow: hidden; line-height: 0;\" data-mce-type=\"bookmark\" class=\"mce_SELRES_start\">\ufeff<\/span><span style=\"display: inline-block; width: 0px; overflow: hidden; line-height: 0;\" data-mce-type=\"bookmark\" class=\"mce_SELRES_start\">\ufeff<\/span><span style=\"display: inline-block; width: 0px; overflow: hidden; line-height: 0;\" data-mce-type=\"bookmark\" class=\"mce_SELRES_start\">\ufeff<\/span><span style=\"display: inline-block; width: 0px; overflow: hidden; line-height: 0;\" data-mce-type=\"bookmark\" class=\"mce_SELRES_start\">\ufeff<\/span><span style=\"display: inline-block; width: 0px; overflow: hidden; line-height: 0;\" data-mce-type=\"bookmark\" class=\"mce_SELRES_start\"><span style=\"display: inline-block; width: 0px; overflow: hidden; line-height: 0;\" data-mce-type=\"bookmark\" class=\"mce_SELRES_start\">\ufeff<\/span>\ufeff<\/span><\/iframe><\/p>\n","protected":false},"excerpt":{"rendered":"<p><strong>Collocazione: <\/strong>Vetrina 12, primo ripiano<\/p>\n<p><strong>Localit\u00e0: <\/strong>Zoeptan (Maehren-Moravia) &#8211; Repubblica Ceca<\/p>\n<p><b><span data-contrast=\"auto\">Descrizione macroscopica:<\/span><\/b><span data-ccp-props=\"{}\"> La tessitura \u00e8 scistosa. La scistosit\u00e0 \u00e8 dovuta alla disposizione di minerali lamellari di colore verde (<strong><em>clorite<\/em><\/strong>) alternati a livelli di colore bianco (<strong><em>talco<\/em><\/strong>). Il talco \u00e8 molto abbondante e conferisce alla roccia una lucentezza sericea ed una marcata untuosit\u00e0 al tatto. Macroscopicamente sono visibili anche sottili cristalli aghiformi di colore bruno scuro, identificabili come anfiboli.<\/span><\/p>\n<p><b><span data-contrast=\"auto\">Descrizione\u00a0<\/span><\/b><b><span data-contrast=\"auto\">microfoto<\/span><\/b><b><span data-contrast=\"auto\">:<\/span><\/b><\/p>\n<p><strong>prima immagine: <\/strong>Talco e Anfibolo<\/p>\n<p><strong>seconda immagine: <\/strong>Clorite<\/p>\n<p><strong>terza immagine: <\/strong>Anfibolo e Talco<\/p>\n<p>Sezioni sottili e descrizione gentilmente concessi dalla Prof.ssa Emma Salvioli<\/p>\n","protected":false},"featured_media":478,"template":"","meta":{"_lmt_disableupdate":"","_lmt_disable":""},"product_cat":[21],"product_tag":[],"class_list":{"0":"post-477","1":"product","2":"type-product","3":"status-publish","6":"product_cat-metamorfiche","8":"first","9":"outofstock","10":"shipping-taxable","11":"product-type-simple"},"_links":{"self":[{"href":"http:\/\/www.krantz.unipr.it\/index.php\/wp-json\/wp\/v2\/product\/477","targetHints":{"allow":["GET"]}}],"collection":[{"href":"http:\/\/www.krantz.unipr.it\/index.php\/wp-json\/wp\/v2\/product"}],"about":[{"href":"http:\/\/www.krantz.unipr.it\/index.php\/wp-json\/wp\/v2\/types\/product"}],"wp:featuredmedia":[{"embeddable":true,"href":"http:\/\/www.krantz.unipr.it\/index.php\/wp-json\/wp\/v2\/media\/478"}],"wp:attachment":[{"href":"http:\/\/www.krantz.unipr.it\/index.php\/wp-json\/wp\/v2\/media?parent=477"}],"wp:term":[{"taxonomy":"product_cat","embeddable":true,"href":"http:\/\/www.krantz.unipr.it\/index.php\/wp-json\/wp\/v2\/product_cat?post=477"},{"taxonomy":"product_tag","embeddable":true,"href":"http:\/\/www.krantz.unipr.it\/index.php\/wp-json\/wp\/v2\/product_tag?post=477"}],"curies":[{"name":"wp","href":"https:\/\/api.w.org\/{rel}","templated":true}]}}